y 13.
10
What is the remainder when 149 is divided by 41?
26
What is the remainder when 1879 is divided by 18?
7
Calculate the remainder when 186 is divided by 8.
2
Calculate the remainder when 175 is divided by 8.
7
What is the remainder when 611 is divided by 321?
290
Calculate the remainder when 101 is divided by 42.
17
What is the remainder when 84 is divided by 11?
7
Calculate the remainder when 2043 is divided by 14.
13
Calculate the remainder when 205 is divided by 19.
15
What is the remainder when 4024 is divided by 7?
6
What is the remainder when 5338 is divided by 20?
18
Calculate the remainder when 37 is divided by 20.
17
Calculate the remainder when 679 is divided by 85.
84
What is the remainder when 1781 is divided by 99?
98
What is the remainder when 27624 is divided by 30?
24
What is the remainder when 309 is divided by 52?
49
What is the remainder when 253 is divided by 16?
13
Calculate the remainder when 2954 is divided by 1441.
72
Calculate the remainder when 1309 is divided by 164.
161
Calculate the remainder when 79 is divided by 13.
1
What is the remainder when 6252 is divided by 184?
180
What is the remainder when 1058 is divided by 20?
18
What is the remainder when 88 is divided by 28?
4
Calculate the remainder when 127 is divided by 15.
7
Calculate the remainder when 1466 is divided by 186.
164
What is the remainder when 26560 is divided by 233?
231
What is the remainder when 1177 is divided by 385?
22
Calculate the remainder when 746 is divided by 63.
53
What is the remainder when 985 is divided by 21?
19
Calculate the remainder when 234 is divided by 37.
12
Calculate the remainder when 131 is divided by 3.
2
What is the remainder when 127 is divided by 11?
6
Calculate the remainder when 2691 is divided by 100.
91
Calculate the remainder when 264 is divided by 38.
36
Calculate the remainder when 1178 is divided by 165.
23
Calculate the remainder when 484 is divided by 143.
55
Calculate the remainder when 84 is divided by 31.
22
Calculate the remainder when 1946 is divided by 13.
9
What is the remainder when 1083 is divided by 322?
117
Calculate the remainder when 20 is divided by 8.
4
What is the remainder when 679 is divided by 4?
3
What is the remainder when 286 is divided by 58?
54
What is the remainder when 32382 is divided by 23?
21
What is the remainder when 284 is divided by 32?
28
What is the remainder when 428 is divided by 31?
25
Calculate the remainder when 273 is divided by 46.
43
What is the remainder when 186 is divided by 38?
34
What is the remainder when 16684 is divided by 71?
70
Calculate the remainder when 202 is divided by 73.
56
What is the remainder when 250 is divided by 244?
6
What is the remainder when 3207 is divided by 169?
165
What is the remainder when 119 is divided by 11?
9
Calculate the remainder when 9 is divided by 7.
2
What is the remainder when 459 is divided by 46?
45
Calculate the remainder when 5471 is divided by 161.
158
Calculate the remainder when 2716 is divided by 151.
149
Calculate the remainder when 7 is divided by 1.
0
What is the remainder when 295 is divided by 248?
47
What is the remainder when 165 is divided by 9?
3
What is the remainder when 225 is divided by 29?
22
Calculate the remainder when 781 is divided by 16.
13
What is the remainder when 237 is divided by 40?
37
Calculate the remainder when 339 is divided by 5.
4
What is the remainder when 481 is divided by 15?
1
What is the remainder when 901 is divided by 188?
149
What is the remainder when 2342 is divided by 33?
32
Calculate the remainder when 291 is divided by 78.
57
Calculate the remainder when 2449 is divided by 34.
1
What is the remainder when 1374 is divided by 106?
102
What is the remainder when 1144 is divided by 41?
37
What is the remainder when 449 is divided by 25?
24
What is the remainder when 463 is divided by 40?
23
Calculate the remainder when 1721 is divided by 21.
20
Calculate the remainder when 52 is divided by 20.
12
Calculate the remainder when 516 is divided by 75.
66
Calculate the remainder when 1389 is divided by 82.
77
What is the remainder when 509 is divided by 51?
50
What is the remainder when 1331 is divided by 58?
55
Calculate the remainder when 258 is divided by 57.
30
What is the remainder when 3183 is divided by 18?
15
What is the remainder when 3980 is divided by 114?
104
What is the remainder when 189 is divided by 20?
9
What is the remainder when 13360 is divided by 34?
32
Calculate the remainder when 795 is divided by 759.
36
Calculate the remainder when 77 is divided by 26.
25
Calculate the remainder when 917 is divided by 102.
101
Calculate the remainder when 61 is divided by 38.
23
Calculate the remainder when 477 is divided by 15.
12
Calculate the remainder when 888 is divided by 27.
24
What is the remainder when 17020 is divided by 76?
72
What is the remainder when 101 is divided by 22?
13
Calculate the remainder when 166 is divided by 42.
40
Calculate the remainder when 1426 is divided by 189.
103
What is the remainder when 157 is divided by 30?
7
Calculate the remainder when 30 is divided by 26.
4
What is the remainder when 241 is divided by 66?
43
Calculate the remainder when 1199 is divided by 100.
99
What is the remainder when 87 is divided by 44?
43
Calculate the remainder when 690 is divided by 121.
85
What is the remainder when 323 is divided by 137?
49
Calculate the remainder when 27 is divided by 6.
3
What is the remainder when 369 is divided by 126?
117
What is the remainder when 98 is divided by 25?
23
What is the remainder when 67 is divided by 7?
4
What is the remainder when 202 is divided by 67?
1
What is the remainder when 160 is divided by 111?
49
What is the remainder when 2686 is divided by 6?
4
Calculate the remainder when 227 is divided by 33.
29
What is the remainder when 145 is divided by 34?
9
What is the remainder when 895 is divided by 428?
39
Calculate the remainder when 35 is divided by 8.
3
Calculate the remainder when 4995 is divided by 88.
67
Calculate the remainder when 281 is divided by 19.
15
What is the remainder when 25 is divided by 16?
9
What is the remainder when 211 is divided by 24?
19
Calculate the remainder when 675 is divided by 33.
15
What is the remainder when 740 is divided by 126?
110
What is the remainder when 32 is divided by 12?
8
What is the remainder when 313 is divided by 80?
73
Calculate the remainder when 248 is divided by 32.
24
Calculate the remainder when 333 is divided by 11.
3
Calculate the remainder when 648 is divided by 221.
206
Calculate the remainder when 575 is divided by 64.
63
What is the remainder when 325 is divided by 56?
45
Calculate the remainder when 268 is divided by 21.
16
Calculate the remainder when 2719 is divided by 34.
33
What is the remainder when 197 is divided by 71?
55
What is the remainder when 633 is divided by 12?
9
Calculate the remainder when 1166 is divided by 249.
170
Calculate the remainder when 498 is divided by 32.
18
Calculate the remainder when 21547 is divided by 11.
9
Calculate the remainder when 8362 is divided by 47.
43
Calculate the remainder when 14958 is divided by 5.
3
Calculate the remainder when 81 is divided by 14.
11
Calculate the remainder when 107 is divided by 85.
22
What is the remainder when 5078 is divided by 66?
62
Calculate the remainder when 323 is divided by 27.
26
What is the remainder when 308 is divided by 37?
12
What is the remainder when 1023 is divided by 64?
63
What is the remainder when 53 is divided by 34?
19
Calculate the remainder when 24 is divided by 6.
0
Calculate the remainder when 508 is divided by 40.
28
What is the remainder when 2655 is divided by 133?
128
Calculate the remainder when 2897 is divided by 1440.
17
Calculate the remainder when 17 is divided by 9.
8
What is the remainder when 339 is divided by 20?
19
Calculate the remainder when 170 is divided by 49.
23
Calculate the remainder when 9095 is divided by 14.
9
Calculate the remainder when 119 is divided by 15.
14
Calculate the remainder when 171 is divided by 7.
3
What is the remainder when 2344 is divided by 35?
34
What is the remainder when 551 is divided by 56?
47
Calculate the remainder when 61331 is divided by 91.
88
Calculate the remainder when 271 is divided by